t p(l) = -6*l + 2. Let z be p(-2). Suppose 5*y - z = -4. Let c be 3 + -2*(-1 - -2). Calculate the highest common divisor of c and y.
1
Let q be -1*1*(-6 - 23). Let n = q - 21. Calculate the greatest common factor of 72 and n.
8
Suppose 3 = c - 0. What is the highest common divisor of c and 12?
3
Suppose -22 = -2*u - 2. Let y be -5 - (-13)/((-52)/(-120)). Calculate the highest common factor of u and y.
5
Suppose z - 12 = 3*z. Let f = 10 + z. Let d(w) = -4*w - 6. Let h be d(-4). What is the highest common divisor of h and f?
2
Let z(q) = q**3 + 9*q**2 + 9*q - 2. Let h be z(-7). Suppose -3*u + 19 = 2*i, 0 = -4*i - 0*i - 5*u + h. Calculate the highest common factor of i and 16.
2
Suppose 31 = 3*b - 32. Let w = 1 - -7. Let x = w + -1. What is the highest common divisor of b and x?
7
Suppose 57 - 185 = -4*f. What is the highest common divisor of 8 and f?
8
Suppose 5*t + 0*q - 2158 = -3*q, 3*t = -2*q + 1294. Suppose m + 416 + 159 = 4*c, 2*m = -3*c + t. Calculate the highest common divisor of 16 and c.
16
Let d be ((-32)/12)/(4/(-144)). What is the greatest common divisor of d and 12?
12
Let r = 16 - 10. Let b(p) = -54*p. Let u be b(-1). Calculate the greatest common factor of u and r.
6
Suppose -c = 5 - 4. Let m be (-5)/25*5*c. Let n(k) = k**2 + 4. Let g be n(0). What is the highest common divisor of g and m?
1
Suppose -5*u + 12 = 5*o + 2, -3*u + 10 = 4*o. Let w = 20 + u. What is the greatest common divisor of 144 and w?
18
Let x be 1 - 1 - (1 - -343)/(-8). Calculate the highest common divisor of x and 301.
43
Let c(i) = 2*i - 1. Let v be c(3). Suppose 5*f - 2*q = 234, q = v*f - 3*q - 228. Calculate the highest common divisor of f and 12.
12
Suppose 2*d - 2*c - 2 - 16 = 0, -32 = -2*d - 5*c. Suppose k = -3*k + 44. What is the highest common divisor of k and d?
11
Suppose -75 = -5*a - 15. What is the highest common divisor of a and 96?
12
Let i(w) = w**3 - 4*w**2 - 8*w - 4. Let o be i(6). Let r = 65 - 0. Let z = r + -25. Calculate the highest common factor of o and z.
20
Let h(w) = -w + 10. Let l be h(5). Suppose r = -y + 9, -l*y = -2*r + 3*r - 13. Let o be (2 - 6)*(-1)/2. What is the greatest common factor of o and r?
2
Let p(b) = 2*b**2 - 3*b + 7. Let f be p(2). Let y = -23 - -41. What is the highest common factor of f and y?
9
Let m(w) = w**2 + 9*w + 12. Let t be m(-8). Suppose 0 = -0*j + 5*j - 50. Suppose j = t*z + z. Calculate the greatest common divisor of 4 and z.
2
Let h be (1265/(-10))/(1/(-2)). Let t = -51 - -74. Calculate the greatest common factor of h and t.
23
Suppose 3*t - 1 - 8 = 0. Suppose -12 = 2*w - t*w. Calculate the highest common divisor of 36 and w.
12
Let c(g) = g**2. Let l be c(6). Let q be (-1)/(-6) + 429/18. Calculate the greatest common divisor of q and l.
12
Let f be (-6)/3 - (-3)/(-1). Let q = 15 - f. Calculate the highest common factor of 4 and q.
4
Suppose 0 = -4*f + 5 + 31. Let o be (6/(-4))/(f/(-24)). Suppose -3*h = -9 - 39. Calculate the greatest common factor of h and o.
4
Let s be (5 + -23)/(6/(-56)). Calculate the greatest common factor of s and 21.
21
Let o(v) = -23*v - 6. Let g be o(-1). What is the highest common divisor of 119 and g?
17
Let a = 1 + 0. Calculate the highest common factor of 1 and a.
1
Let v be 1 - -148 - (-3 - -4). Calculate the greatest common divisor of v and 37.
37
Let u(z) = -z - 8. Let k be u(-6). Let o be (-81)/k*8/12. Calculate the highest common divisor of 9 and o.
9
Let w(n) = -n**3 - 2*n**2 + 6*n - 4. Let r be w(-6). Let a be (-2)/((12/(-39))/2). Calculate the greatest common factor of a and r.
13
Let n be (-1)/2*70/(-5). Suppose -n - 33 = 4*x. Let j = -1 - x. Calculate the greatest common divisor of j and 27.
9
Suppose 0 = 2*h - 5*h + 42. Calculate the greatest common divisor of 98 and h.
14
Let l(r) = r**3 - 14*r**2 - 14*r. Let t be l(15). What is the greatest common factor of 165 and t?
15
Let j = -136 + 141. Calculate the greatest common divisor of j and 55.
5
Let g be (5/(-10))/((-1)/10). Suppose -g*b + 3 + 37 = 0. Let j = 68 - 36. What is the greatest common divisor of j and b?
8
Let d be 11 - 1*(-3 + 2). Suppose -c + 3*m = 2*c + d, -3*c + 2*m = 10. Let r be 1/(c - 267/(-132)). What is the highest common factor of r and 110?
22
Let h be 19*2/(-4)*-2. Let t be ((-8)/(-14))/((-6)/(-21)). Suppose 0 = i + t*u - 15, 5*i - 2*i + 3*u - 51 = 0. What is the greatest common factor of i and h?
19
Let q be 1*-1*17*3. Let w = q - -71. Suppose -20 = -5*n + w. What is the highest common factor of 88 and n?
8
Suppose 12*o = 118 + 170. What is the greatest common factor of 16 and o?
8
Let x = -3 - -6. Suppose 0 = x*l + 6, 0*t - t + 4*l = -22. Let p = 22 + 6. Calculate the greatest common factor of p and t.
14
Let n = -72 - -82. Calculate the highest common divisor of 70 and n.
10
Let h(v) = 3*v - 7. Let s be h(7). Let u = 16 - s. Calculate the greatest common factor of u and 14.
2
Suppose -2*d = -2*a - 10, a = 3 - 6. Suppose 5*c = d*r + 51, -12 - 188 = 5*r + 2*c. Let b = -24 - r. Calculate the greatest common divisor of 112 and b.
14
Let b(j) = 2*j**2 - 4*j - 5. Let n be b(-2). What is the highest common factor of 1 and n?
1
Suppose y + 84 = 5*y. Let o(l) = l**3 + 11*l**2 + 8*l - 6. Let b = -27 + 18. Let p be o(b). What is the highest common factor of y and p?
21
Let y(q) = -q**3 + 3*q**2 + 5*q + 3. Let h be y(4). Let i(a) = -a - 3. Suppose 0*g - 8 = 2*g. Let s be i(g). Calculate the greatest common factor of h and s.
1
Let r = 694 - 276. What is the greatest common divisor of r and 38?
38
Suppose -4*f + 8 + 112 = 0. Suppose 4*i - 42 - f = -3*x, 4*x + 4*i = 96. Calculate the highest common factor of 16 and x.
8
Let n = -6 + 6. Suppose n = -5*w, 2*w = -4*i + 5*w - 8. Let x be (-6 - i)/(1/(-3)). Calculate the greatest common divisor of 132 and x.
12
Let p = -20 + 44. Let c = p + -22. Calculate the highest common factor of 2 and c.
2
Let u be (-1)/(-2*3/138). Suppose -2*c = -2*l + 2, 2*l + 9 = 3*l - 3*c. Let r be 12/l*414/(-8). What is the highest common factor of u and r?
23
Let n be 1*95 - (-4)/4. Suppose 3*g + d = -3*d - 68, 3*g + n = 3*d. Let j be (-272)/g + (-4)/(-14). What is the highest common factor of 110 and j?
10
Let m = 8 + -5. Suppose -2*x = 4*o - 52, 2*o - 18 = o - m*x. What is the highest common factor of 6 and o?
6
Suppose 4*j = -0*j. Let q be 7 - 7 - (j + -4). Calculate the greatest common factor of 2 and q.
2
Suppose -c + 0*c + 12 = 0. Let h(s) = s**2 + 3. Let t be h(3). What is the greatest common divisor of c and t?
12
Suppose 8*n - 27 = 77. What is the highest common factor of n and 169?
13
Let z be (-2)/6 - (2 + (-916)/12). What is the highest common factor of z and 111?
37
Let i(u) = u**3 + 4*u**2 - 6*u - 2. Let p be i(-5). Suppose p*m - 1 - 113 = 0. What is the greatest common divisor of 95 and m?
19
Let d(o) = -o + 11. Let n be 7*((-3)/3 + 2). Let c be d(n). Suppose -c*h = k - 42, 0*k - 5*h - 42 = -k. What is the highest common divisor of k and 105?
21
Let f = -27 + 68. Suppose -4*i + 39 = -f. Calculate the greatest common divisor of 8 and i.
4
Let t = -28 - -61. Let w = 40 - 29. What is the highest common divisor of w and t?
11
Let k = 1 - -13. Let c = -69 + 104. Calculate the highest common divisor of c and k.
7
Let y be 1/(-1) - 205/(-1). Let x be ((-5)/10)/((-2)/y). Suppose j = -q - 3*j + 10, -x = -4*q - 5*j. What is the greatest common factor of q and 14?
14
Suppose -2*u - 2 = 30. Let c be u/10*(-15)/6. Calculate the highest common divisor of 12 and c.
4
Let h be 2/2*(8 - -5). Let k(m) be the first derivative of 4*m**3 - 3*m**2/2 + 2. Let g be k(-3). What is the greatest common divisor of g and h?
13
Let q = 1 - -1. Suppose -q*x + 495 = x. Calculate the highest common factor of 15 and x.
15
Let k be 1/(1/(3 - 2)). Suppose t + k = 2*t. Let w be (t - 0) + 55/1. What is the greatest common factor of w and 8?
8
Suppose -2*i + 0*i + 4*y - 4 = 0, 2*i = 5*y - 8. Let r = 10 - i. Suppose -36 = -r*b + 100. Calculate the highest common factor of b and 51.
17
Suppose 0 = -x - 0*x + 160. Suppose 0 = -j + 6*j - x. Calculate the greatest common factor of j and 64.
32
Let i be 2/6 + 501/9. Suppose 4*f = 5*m - m + i, 4*f + 3*m = 21. What is the highest common factor of 99 and f?
9
Let t(h) = 2*h - 18. Let v be t(11). Calculate the highest common factor of 28 and v.
4
Let w = -316 +